d by 93?
57
Let j be (-1 - 5/(-10))*0. Suppose j = 3*q - 38 - 4. Suppose -10*r + q = -9*r. What is the remainder when 69 is divided by r?
13
Let m = 38 - 22. Let c(y) = y**2 + 34*y + 171. Let v be c(-28). Suppose 27 = -2*n + v*n. Calculate the remainder when n is divided by m.
11
Suppose 45683*h + 1992 = 45707*h. What is the remainder when 284 is divided by h?
35
Let i = -13678 - -14224. Calculate the remainder when i is divided by 13.
0
Let q(f) = f**3 + 8*f**2 - 9*f - 3. Let m(u) = -4*u + 53. Let n be m(6). Let v = 47 - n. What is the remainder when q(-8) is divided by v?
15
Let i be 1 + 4/((-4)/(-11)). Suppose i*u - 102 = 9*u. Suppose 0 = k + 5, -y + u = -4*k - 54. Calculate the remainder when y is divided by 18.
14
Let i = -7048 + 7349. What is the remainder when 607 is divided by i?
5
Suppose -56 = x + 566. Let m = x + 644. What is the remainder when 78 is divided by m?
12
Let d(y) = y**3 - 13*y**2 - 887*y - 21. Calculate the remainder when 24493 is divided by d(37).
13
Let i(k) = 2*k**2 - k - 4. Suppose -9*x = -4*x - 3*t + 12, 0 = -5*x - 2*t - 17. What is the remainder when 57 is divided by i(x)?
6
Let k = 29 + -19. Let d = 116 + -110. What is the remainder when -85*((-6)/5)/d is divided by k?
7
Suppose 80*p = 154*p - 27158. Suppose h + 3*v - 121 = -h, 5*v = 4*h - 187. What is the remainder when p is divided by h?
49
Suppose -9347 + 3011 = -16*f. Let s = -17 + 38. What is the remainder when f is divided by s?
18
Suppose -2*x + y = -4*x - 1, -3*x + 2*y - 19 = 0. Let s be (5 + -92)*(x + 14/6). Let l = 21 + s. What is the remainder when l is divided by 23?
10
Suppose -2*d - 7*p + 706 = -5*p, 24 = 4*p. What is the remainder when 7633 is divided by d?
346
Let l(m) = 90*m - 616. Suppose 0 = -u + 339 + 213. Calculate the remainder when 4/14 - u/(-28) is divided by l(7).
6
Suppose -3*v + 2*l + 112 = 0, -13*l = 7*v - 17*l - 264. Calculate the remainder when v is divided by 19.
2
Let n be 20/2*(-2)/4. Let q(k) = -k**3 - 2*k**2 + 5*k - 3. Calculate the remainder when ((60606/(-168))/(-37))/(0 + 6/56) is divided by q(n).
44
Let b(l) = -72*l + 21. Suppose -52 = -0*y + 4*y. Let s(d) = -36*d + 10. Let h(w) = y*s(w) + 6*b(w). Calculate the remainder when h(1) is divided by 7.
4
Suppose 31*l - 113976 = 15*l - 7752. What is the remainder when l is divided by 54?
51
Let v(n) = 52*n - 39*n + 5 - n**2 + 3. Let t be v(19). Let p = t - -116. What is the remainder when 25 is divided by p?
5
Let l = -14381 + 14432. What is the remainder when 234 is divided by l?
30
Let f = -321 - -323. Suppose -f*j + 4*g = -390, -j + 121 + 68 = -5*g. What is the remainder when j is divided by 20?
19
Suppose 0 = -22*z + 13*z + 8856. Let y = z - 500. Calculate the remainder when y is divided by 49.
43
Let t = -7 - -13. Let n be (t - 4)*14/(-4)*-11. What is the remainder when 22/n + 414/21 is divided by 8?
4
Suppose 15*z + 1056 = 23*z. Let j = 7 + z. Calculate the remainder when j is divided by 47.
45
Let b(p) = p**3 - 9*p**2 - 17*p + 24. Let v = 129 + -118. Calculate the remainder when b(v) is divided by 40.
39
Suppose 5*h + 5 = 0, -5*h + 329 = 5*r - 3*r. Let s = -28 + r. Suppose 5*d - l = 4 + s, -2*d + 50 = 2*l. Calculate the remainder when 80 is divided by d.
24
Let y be (462/24 + -6)*8. Calculate the remainder when (-1 + 0)*-2*y/4 is divided by 5.
3
Let p = -16 - -27. Let d(w) = -129*w - 5955. Calculate the remainder when d(-47) is divided by p.
9
Suppose 4*u - 45 = o, 6*o + 25 = 2*u + 5*o. Suppose 0 = -u*z + 85 + 5. Calculate the remainder when 23 is divided by z.
5
What is the remainder when 1537 is divided by 182*12/(51 - 3) + (-3)/2?
41
Let a(y) = -2*y. Let x be a(-2). Suppose -z + 6*z - 133 = x*o, 0 = -5*o - 10. Calculate the remainder when z is divided by 9.
7
Let m(j) = j**3 + 47*j**2 - 13*j - 366. Calculate the remainder when m(-47) is divided by 80.
5
Let s be (2 + (-9)/2)*(5 + -27). Suppose -s = -17*m + 30. What is the remainder when m is divided by 2?
1
Calculate the remainder when 264420/2730 + (16/14)/1 is divided by 47.
4
Suppose -616 + 500 = -6*o + 652. What is the remainder when 462 is divided by o?
78
Let g(v) be the third derivative of -7*v**4/24 - 5*v**3/3 + 75*v**2. Calculate the remainder when 38 is divided by g(-3).
5
Let i = 6010 - 5813. Calculate the remainder when i is divided by (-452)/(-9) - 6/27.
47
Let g(p) = -11*p + 15. Let a(y) = y**2 + y + 7. Let b be a(-11). Let n = -67 + b. Calculate the remainder when n is divided by g(-1).
24
Suppose 3*t = -6 + 15. Let a = 1065 + -1016. Suppose -3*s = -t*m + 2*s + a, -5*s = 2*m - 41. What is the remainder when 88 is divided by m?
16
Let r = -4 - -7. Let j be (-56)/(-12) + (-2)/r. Suppose 4*w + w - j*h - 421 = 0, 4*w - 312 = -3*h. Calculate the remainder when w is divided by 14.
11
Let t be (-19 + 38)/(-76) + (-13)/(-4). Suppose -t*s - 2*z + 616 = -z, 2*s - 4*z = 420. What is the remainder when s is divided by 16?
14
Let l(z) = 48*z**2 + 29*z + 78. What is the remainder when l(-1) is divided by (8/6 + 0)*3?
1
Let y(w) = 53*w. Let t(d) = -5*d**3 + 46*d**2 + d - 72. Calculate the remainder when y(4) is divided by t(9).
14
Suppose -6*d + 17 = -o - d, 3*o = 5*d - 101. Let a = 93 + o. Calculate the remainder when 660 is divided by a.
48
Let o(y) = 3*y**2 + 8*y - 1. Let f be o(-6). Suppose 5*v - 46 = f. What is the remainder when 10 is divided by 14*(13/v + 1/(-3))?
2
Suppose 3*i = 5*a + 180, 4*i = 3*a + 280 - 29. Suppose 37 + 11 = 4*k. Suppose -2*l + 16 = -k. What is the remainder when i is divided by l?
9
Let x = -187 + 192. Suppose 4*g - 9*j - 44 = -x*j, j - 13 = -g. Calculate the remainder when 22 is divided by g.
10
Suppose 1711*u - 4438 = 1709*u. Calculate the remainder when u is divided by 10.
9
Suppose -2*r = 3*u - 0*r + 260, 2*u - r = -185. Let x = u + 128. What is the remainder when x is divided by 6?
2
Suppose 3*w = 5*o - 9*o + 1030, -1710 = -5*w - 5*o. What is the remainder when 3725 is divided by w?
7
Suppose 115 - 39 = 4*x. What is the remainder when 6 + (-6 - -2) - (10 + -116) is divided by x?
13
Suppose 200 = 5*l - 5*j, 452*j - 128 = -3*l + 456*j. Calculate the remainder when 522 is divided by l.
10
Let k = -26964 - -27489. Calculate the remainder when 1581 is divided by k.
6
Suppose -3*x - 680 = -9*g + 5*g, -g = -3*x - 170. Suppose -5*q = r + 45 - 257, 0 = 4*q + r - g. Calculate the remainder when q is divided by 15.
12
Let w(y) be the third derivative of 0*y + 1/30*y**6 + 1/30*y**5 - 16*y**2 + 0 + 1/6*y**3 - 1/12*y**4. Calculate the remainder when 5 is divided by w(1).
0
Let o = -4 - -7. Let i be 2/5 - (5 - 231/35). Suppose i*y = -o*y + 90. What is the remainder when y is divided by 7?
4
Let n = 18 + -19. Let v be (2 + (3 - 4))/(n/(-23)). Suppose 3*f - 158 = -v. What is the remainder when f is divided by 24?
21
Suppose 180 + 240 = 15*m. Let g = -15 + 69. Calculate the remainder when g is divided by m.
26
Suppose -2*y + 3*w = -150, -21*y = -16*y - 3*w - 393. Let o = y - -36. Calculate the remainder when o is divided by 30.
27
Suppose -5*o = -3*z - 303, 0 = -4*o + 4*z + 316 - 72. What is the remainder when 958 is divided by o?
58
Suppose 0 = -2*o + 2, 3*o = -d - 4448 + 13221. Suppose -8*a + d = -1014. Calculate the remainder when a is divided by 49.
47
Let v = -80 + 95. Let s = -128 + 80. Let l = -42 - s. What is the remainder when v is divided by l?
3
Let u(o) = -11*o**2 + 66*o - 9. Calculate the remainder when 222 is divided by u(4).
64
Calculate the remainder when (-18)/(-8) - 197579/(-244) is divided by 115.
7
Suppose 3*s - 18063 = -i, 2*i = -5*s - 2*i + 30112. What is the remainder when s is divided by 24?
20
Suppose -10*o = -25 - 595. Suppose 0 = -2*v - v + 666. Suppose 0 = 5*s + o - v. Calculate the remainder when s is divided by 18.
14
Suppose -380*d + 408*d - 12012 = 0. Calculate the remainder when d is divided by 36.
33
Let m = 17 - 11. Let i be (-1 + 7 - 5)/(2/26). Suppose -i*x + 140 = -9*x - 4*h, -2*h + 35 = x. What is the remainder when x is divided by m?
5
Suppose 660 = 19*s + 7 - 620. What is the remainder when 1135 is divided by s?
63
Suppose 8*h - 6844 - 9839 = -193*h. Suppose 5*p - 2*b - 10 = 0, p = 5*p - 4*b - 8. Suppose -p*r = 2*r - 116. Calculate the remainder when h is divided by r.
25
Let j = 3800 + -3788. Suppose 5*a - 1221 = 29. Calculate the remainder when a is divided 